{"id":84,"date":"2011-03-06T22:54:25","date_gmt":"2011-03-06T21:54:25","guid":{"rendered":"http:\/\/fischerarchaeology.se\/?page_id=84"},"modified":"2011-04-07T20:37:52","modified_gmt":"2011-04-07T19:37:52","slug":"v-bibliography-selected","status":"publish","type":"page","link":"http:\/\/www.fischerarchaeology.se\/?page_id=84","title":{"rendered":"V. Bibliography (selected)"},"content":{"rendered":"<h2>V. Bibliography (selected)<\/h2>\n<p>\u00c5str\u00f6m, P.<br \/>\n1972a The Swedish Cyprus Expedition IV, 1C. The Late Cypriote Bronze Age. Lund: Swedish Cyprus Expedition.<br \/>\n1972b The Swedish Cyprus Expedition IV, 1B. The Middle Cypriote Bronze Age. Lund: Swedish Cyprus Expedition.<\/p>\n<p>Bichler, M. and Fischer, P.M.<br \/>\nforthc. Neutron Activation Analysis of Pumice from Tell el-cAjjul.<\/p>\n<p>Bietak, M.<br \/>\n1997 Avaris: Capital of the Hyksos Kingdom: New Results of Excavations. The Hyksos: New Historical and Archaeological Perspectives, ed. E. D. Oren, 87\u2212139. University Museum Monograph 96. University Museum. Symposium Series 8. Philadelphia: The University Museum.<\/p>\n<p>Bourriau, J.<br \/>\n1981 Nubians in Egypt During the Second Intermediate Period: An Interpretation Based on the Egyptian Ceramic Evidence. In Studien zur alt\u00e4gyptischen Keramik, ed. D. Arnold, 25\u221241. Mainz: Philipp von Zabern.<br \/>\n1997 Beyond Avaris: The Second Intermediate Period in Egypt Outside the Eastern Delta. The Hyksos: New Historical and Archaeological Perspectives, ed. E. D. Oren, 159\u2212182. University Museum Monograph 96. University Museum Symposium Series 8. Philadelphia: The University Museum.<\/p>\n<p>Crewe, L.<br \/>\n1998 Spindle Whorls. A study of Form, Function and Decoration in Prehistoric Bronze Age Cyprus. Studies in Mediterranean Archaeology and Literature. Pocket-Book 149. Jonsered: Paul \u00c5str\u00f6ms f\u00f6rlag.<\/p>\n<p>Epstein, C.<br \/>\n1966 Palestinian Bichrome Ware. Leiden: Brill.<\/p>\n<p>Eriksson, K. O.<br \/>\n1993 Red Lustrous Wheel-made Ware. Studies in Mediterranean Archaeology 103. Jonsered: Paul \u00c5str\u00f6ms f\u00f6rlag.<\/p>\n<p>Fischer, P. M.<br \/>\n1991 Tell Abu al-Kharaz. The Swedish Jordan Expedition 1989. First Season Preliminary Report from Trial Soundings. Annual of the Department of Antiquities of Jordan 35: 67\u2013104.<br \/>\n1997 A Late Bronze to Early Iron Age Tomb at Sahem, Jordan. Abhandlungen des Deutschen Pal\u00e4stina-Vereins 21. Wiesbaden: Harrassowitz.<br \/>\n1999 Chocolate-on-White Ware: Typology, Chronology and Provenance. The Evidence from Tell Abu al-Kharaz, Jordan Valley. Bulletin of the American Schools of Oriental Research 313, 1\u201329.<br \/>\n2003 The Prelimary Chronology of Tell el-cAjjul. The Preliminary Chronology of\u00a0 Tell el-cAjjul: Results of the Renewed Excavations in 1999 and 2000, 263-294, in: Bietak, M. (ed.),<br \/>\nThe Synchronisation of Civilisations in the Eastern Mediterranean in\u00a0 the Second Millennium B.C., Vol. II.<br \/>\nProceedings of the SCIEM 2000 &#8211; EuroConference, Haindorf 2nd of May &#8211; 7th of May 2001. Vienna 2003.<\/p>\n<p>Fischer, P. M., and Sadeq, M.<br \/>\n2000 Tell el-cAjjul 1999. A Joint Palestinian Swedish Field Project: First Season Preliminary Report. Egypt and Levant 10, 211\u2212226.<br \/>\n2002 Tell el-cAjjul 2000. Second Season Preliminary Report. Egypt and the Levant 12, 109-153.<\/p>\n<p>Kaplan, M.<br \/>\n1980 The Origin and Distribution of the Tell el Yahudiyeh Ware. Studies in Mediterranean Archaeology 62. G\u00f6teborg: Paul \u00c5str\u00f6ms f\u00f6rlag.<\/p>\n<p>Keel, O.<br \/>\n1995 Corpus der Stempelsiegel-Amulette aus Pal\u00e4stina\/Israel. Von den Anf\u00e4ngen bis zur Perserzeit. Einleitung. Orbis Biblicus et Orientalis. Series Archaeologica 10. Freiburg: Universit\u00e4tsverlag.<\/p>\n<p>Mackay, E. J. H., and Murray, M. A.<br \/>\n1952 AncientGaza, Vol. 5: British School of Egyptian Archaeology 64. London: Quaritsch.<\/p>\n<p>McGovern, P. E.<br \/>\n1985 Late Bronze Age Palestinian Pendants. Innovation in a Cosmopolitan Age. JSOT\/ASOR Monograph Series ed. by E. M. Myers. Trowbridge: Redwood Burn<\/p>\n<p>Nordstr\u00f6m, H.-\u00c5., and Bourriau, J.<br \/>\n1993 Ceramic Technology: Clays and Fabrics. In: An Introduction to Ancient Egyptian Pottery. Fascicle 2, 149\u2212190 and Pls. Mainz: Philipp von Zabern.<\/p>\n<p>Petrie, F.<br \/>\n1931 Ancient Gaza, Vol. 1: Tell el Ajjul. Publications of the Egyptian Research Account and British School of Archaeology in Egypt 53. London: Quaritsch.<br \/>\n1932 Ancient Gaza, Vol. 2: Tell el Ajjul. Publications of the Egyptian Research Account and British School of Archaeology in Egypt 54. London: Quaritsch.<br \/>\n1933 Ancient Gaza, Vol. 3: Tell el Ajjul. Publications of the Egyptian Research Account and British School of Archaeology in Egypt 55. London: Quaritsch.<br \/>\n1934 Ancient Gaza, Vol. 4: Tell el Ajjul. Publications of the Egyptian Research Account and British School of Archaeology in Egypt 56. London: Quaritsch.<\/p>\n<p>Popham, M. R.<br \/>\n1972 White Slip Ware. In: P. \u00c5str\u00f6m, The Swedish Cyprus Expedition IV, 1C. The Late Cypriote Bronze Age, 431\u2212471.<\/p>\n<p>Reese, D.S.<br \/>\n1995 Marine Invertebrates and Fossils. In C.M. Bennett and P. Bienkowski, Excavations at Tawilan in Southern Jordan. British Academy Monographs in Archaeology and History. Oxford: Oxford University Press, 93\u221296, 345.<\/p>\n<p>Smith, R.H., and Potts, T.F.<br \/>\n1992 Part II: The Tombs. In Smith, R.H., and Potts, T.F.: The Middle and Late Bronze Ages, in Nicoll, A. W., Edwards, P. C., Hanbury-Tenison, J., Hennessy, J. B., Potts, T. F., Smith, R. H., Walmsley, A., and Watson, P., Pella in Jordan 2. Mediterranean Archaeology Supplement 2: 35-81. Meditarch: Sydney.<\/p>\n<p>Vaughan, S.J.<br \/>\n1991 Material and Technical Characterization of Base Ring Ware: A New Fabric Typology. In Barlow, J.A, Bolger, D.L., and Kling, B., Cypriote Ceramics: Reading the Prehistoric Record. University Museum Symposium Series Volume II, University Museum Monograph 74: 119\u2212130. The University Museum: Philadelphia.<\/p>\n","protected":false},"excerpt":{"rendered":"<p>V. Bibliography (selected) \u00c5str\u00f6m, P. 1972a The Swedish Cyprus Expedition IV, 1C. The Late Cypriote Bronze Age. Lund: Swedish Cyprus Expedition. 1972b The Swedish Cyprus Expedition IV, 1B. The Middle Cypriote Bronze Age. Lund: Swedish Cyprus Expedition. Bichler, M. and &hellip; <a href=\"http:\/\/www.fischerarchaeology.se\/?page_id=84\">Continue reading <span class=\"meta-nav\">&rarr;<\/span><\/a><\/p>\n","protected":false},"author":1,"featured_media":0,"parent":60,"menu_order":4,"comment_status":"closed","ping_status":"closed","template":"onecolumn-page.php","meta":{"footnotes":""},"class_list":["post-84","page","type-page","status-publish","hentry"],"_links":{"self":[{"href":"http:\/\/www.fischerarchaeology.se\/index.php?rest_route=\/wp\/v2\/pages\/84"}],"collection":[{"href":"http:\/\/www.fischerarchaeology.se\/index.php?rest_route=\/wp\/v2\/pages"}],"about":[{"href":"http:\/\/www.fischerarchaeology.se\/index.php?rest_route=\/wp\/v2\/types\/page"}],"author":[{"embeddable":true,"href":"http:\/\/www.fischerarchaeology.se\/index.php?rest_route=\/wp\/v2\/users\/1"}],"replies":[{"embeddable":true,"href":"http:\/\/www.fischerarchaeology.se\/index.php?rest_route=%2Fwp%2Fv2%2Fcomments&post=84"}],"version-history":[{"count":5,"href":"http:\/\/www.fischerarchaeology.se\/index.php?rest_route=\/wp\/v2\/pages\/84\/revisions"}],"predecessor-version":[{"id":1005,"href":"http:\/\/www.fischerarchaeology.se\/index.php?rest_route=\/wp\/v2\/pages\/84\/revisions\/1005"}],"up":[{"embeddable":true,"href":"http:\/\/www.fischerarchaeology.se\/index.php?rest_route=\/wp\/v2\/pages\/60"}],"wp:attachment":[{"href":"http:\/\/www.fischerarchaeology.se\/index.php?rest_route=%2Fwp%2Fv2%2Fmedia&parent=84"}],"curies":[{"name":"wp","href":"https:\/\/api.w.org\/{rel}","templated":true}]}}